Calculate the greatest common factor of 169 and f.
13
Suppose -87950 + 37202 = -215*a + 78252. What is the highest common factor of a and 1275?
75
Let j(v) = 7*v**2 - 112*v - 668. Let i be j(-6). What is the highest common factor of i and 5312?
64
Let j be (-6)/((-9)/(-3915)*-5). Suppose -387 = 9*a - j. What is the greatest common divisor of a and 69?
3
Let c = -126 + 53. Let w = c - -117. Calculate the highest common divisor of 11 and w.
11
Let x = 5790 - 5387. Calculate the greatest common divisor of 248 and x.
31
Suppose 0 = 8*t + 19*t + 35667. Let i = t + 2233. Calculate the highest common divisor of 57 and i.
57
Let a(k) be the second derivative of -3*k**3 - 173*k**2/2 + k - 31. Let d be a(-26). Calculate the highest common factor of d and 177.
59
Let c(r) be the second derivative of -8*r**3/3 + 55*r**2 + 22*r. Let h be c(5). Calculate the highest common divisor of h and 4.
2
Let g(n) = 23*n**2 + n + 9. Let o be g(3). Let q be (-1168)/o*(0 - (-33)/(-2)). What is the highest common divisor of 11 and q?
11
Let f = 6889 - 6873. Calculate the greatest common divisor of 1832 and f.
8
Suppose 4*o - t = -129, -2*o - 63 = -2*t + 9. Let z be o/(-2 + 3/3). Suppose -57 = -3*d + 3*q, 8 = d - 5*q - z. What is the highest common divisor of 56 and d?
14
Suppose 21*s - 40914 = -86*s + 54958. What is the greatest common divisor of 128 and s?
128
Let a be ((-42)/(-15) + -2)*25. Let v = 12176 + -12146. Calculate the highest common divisor of a and v.
10
Suppose -3*y + 5*y = -4*w - 16, -3*y - 3 = -w. Let b = w - -37. Calculate the greatest common factor of b and 272.
34
Suppose 0 = 2*s - 5*s - 5*b + 920, -5*s - b = -1504. Let x = 32 - s. Let u be 1*(-3 - (x + 4)). Calculate the greatest common divisor of 29 and u.
29
Let i(b) = -11*b - 55*b**2 - b**3 - 4*b + 46*b**2. Let v be i(-9). Let o be (v/(-36))/(3/(-48)). Calculate the highest common factor of 6 and o.
6
Suppose -43 - 17 = -4*s. Let h(g) = 4*g**2 - 7*g + 7. Let v be h(5). Suppose v = s*a - 3*a. Calculate the greatest common divisor of 66 and a.
6
Let q(b) = 195*b**2 + 2*b - 2. Let s be q(1). Let x = 206 - s. Calculate the greatest common divisor of x and 341.
11
Let g(y) = y**2 - 3*y - 16. Let k be g(-10). Suppose 110*c = k*c - 1792. Calculate the highest common divisor of c and 56.
56
Suppose 0 = -2*s - 4*m + 2 - 6, -3*m = s + 7. Suppose s*v = 4*v + 240. Suppose 3*p - 2*p = 40. What is the highest common factor of v and p?
20
Let r(g) = g**2 + 14*g + 40. Let j be r(-10). Suppose 13*y = -j*y + 780. What is the highest common factor of y and 480?
60
Suppose -4*c + 46 = -66. Suppose c*u + 20 = 32*u. Suppose u*h - 35 = 30. Calculate the greatest common factor of h and 65.
13
Suppose a = -3*a + 76. Suppose 0 = -2994*s + 2998*s + 2*p - 374, 5*s - 4*p - 487 = 0. What is the greatest common divisor of s and a?
19
Let o(s) = -5*s**3 - 2*s**2 - s. Let j be o(-1). Suppose t - 5*g = -j, 3*g = 4*t + 2*g - 3. Let p = -3471 + 3478. What is the greatest common factor of t and p?
1
Let d = -118 - -123. Suppose 0 = d*z - 602 - 648. What is the greatest common factor of 100 and z?
50
Let t(d) = 2*d**2 + 3*d - 7. Let k be t(-5). Suppose 0 = -3*u + 2*o + 1092, -2*o = -7*o. Calculate the highest common divisor of k and u.
28
Let x(v) = 2*v**2 + 5*v + 3. Let d be x(-3). Suppose 166*u - 24 = 162*u. What is the highest common divisor of u and d?
6
Let f = -368 + 353. Let i be (10/f)/(14/(-2625)). Calculate the highest common divisor of 25 and i.
25
Let m(s) = -s**2 + 49*s + 3824. Let a be m(91). Let v(r) = 72*r**2 - r - 1. Let t be v(-1). What is the highest common factor of a and t?
2
Suppose -4*v = -v - u - 2200, -4*v = 3*u - 2929. Suppose -10*n = v - 2353. Suppose -3*k - 45 = -n. Calculate the greatest common factor of 13 and k.
13
Let f be 1 + 0 + (-2 - -1) + 0. Let r be -1 + f + (-5)/(-5)*32. Calculate the highest common divisor of r and 31.
31
Let w(t) = -7*t + 207. Suppose -4*g = 3*h - 87, -29 = -85*g + 82*g + 5*h. Let x be w(g). Calculate the greatest common factor of x and 6.
3
Suppose 4*p = 437 + 123. Let m = -40 + p. What is the greatest common factor of 8 and m?
4
Suppose 2*b - 19*t + 22*t - 14216 = 0, 5*t = 4*b - 28520. What is the greatest common divisor of b and 80?
80
Suppose 0 = 4*r + 3 + 129. Let j be 19/(-76) + r/(-4). What is the greatest common factor of j and 52?
4
Let m = 709 - 716. Let z(s) = -69*s + 47. Let o be z(m). What is the highest common factor of o and 10?
10
Suppose -383*p + 37187 = -44694 - 27657. Calculate the greatest common factor of 9009 and p.
143
Let r = 10898 + -10875. What is the highest common divisor of 10741 and r?
23
Suppose -2*h + 21264 = 49*j - 47*j, 5*h + 3*j - 53164 = 0. Calculate the highest common factor of 39 and h.
13
Suppose 20*i = -17*i + 14*i. Let b be i + 2 + 5 + -6 + 37. Calculate the highest common factor of b and 2.
2
Suppose 0 = 5*u - 180 + 40. Let c be 4/6*(44 + -38). What is the greatest common divisor of c and u?
4
Let r(m) = m**3 + 7*m**2 - 3*m + 15. Let p be r(-7). Let s be 625/(-2) + (-3)/(-6). Let i = 636 + s. Calculate the greatest common factor of p and i.
36
Let j(v) = 4*v + 0*v - v**2 - 24 + 0*v + 20 - v**3. Let f be j(-4). What is the highest common factor of 224 and f?
28
Let m = 7211 - 5441. What is the highest common factor of 150 and m?
30
Suppose 4*j + 4*o - 784 = 0, 2*o = 3*j + 6*o - 584. Suppose 197*s - 240*s + 12900 = 0. Calculate the highest common divisor of s and j.
100
Let h be -8 - 10940/15*-9. Calculate the greatest common divisor of 11 and h.
11
Suppose -81*u - 50 = -86*u. Let c be 344/40 + -2 + 24/u. Let r be 834/c + (-2)/3. What is the highest common divisor of 23 and r?
23
Let v(u) = 8*u - 65. Let s be v(8). Let g(p) = 235*p**2 + 7*p + 2. Let q be g(s). What is the highest common divisor of q and 92?
46
Suppose 140*f + 133*f - 29887 = 24713. What is the greatest common divisor of f and 64?
8
Suppose 60 = -26*u + 30*u. Suppose -6*q + 3 = -u. Suppose 3*w - 43 = 5*a, 4*a - 1 = -4*w + q. Calculate the greatest common factor of w and 42.
6
Let l = -31 + 34. Let k be -3 - 3*(-4)/l - -58. Suppose 0 = k*a - 60*a + 26. Calculate the highest common factor of 39 and a.
13
Let n(j) = 233*j. Let s be n(7). Suppose -4*b + y + 1298 = 0, -5*b + s = 4*y - y. Calculate the highest common divisor of b and 13.
13
Let c(t) = -9*t + 3. Let z be ((-18)/(-3))/(0 - 2). Let s be c(z). Suppose 6*r = 3*r - 4*k + 34, 0 = -4*k + 4. What is the highest common divisor of s and r?
10
Suppose 57*d - 4*r = 59*d - 27136, 27148 = 2*d + 2*r. Calculate the greatest common factor of 2 and d.
2
Let m be 4/(-6 + -10)*-68. Suppose -m*d = -61 - 41. What is the greatest common factor of 120 and d?
6
Let d(x) = -x - 2. Let q be d(-23). Suppose q = -3*m - 33. Let w(f) = -f**2 - 18*f + 9. Let a be w(m). Calculate the greatest common divisor of 81 and a.
9
Suppose -5*v + 20 = -0. Let i(k) = -117*k - 4136. Let a be i(-36). Calculate the greatest common divisor of a and v.
4
Let l be (7 - 8)/(0 - 1)*1. Let m be ((-8)/(-8))/(22/20 - l). Suppose 352 = 4*j - 2*g, -5*j - 2*g - 65 = -523. What is the highest common factor of m and j?
10
Suppose -101*k - 7788 = -145*k. What is the highest common divisor of 3776 and k?
59
Let j be 270/105*14/6*3/2. What is the greatest common divisor of 3591 and j?
9
Let u be (-3 - 0) + -1 + (-152 - 4). Let l = 565 + u. Calculate the highest common divisor of 18 and l.
9
Let f be ((-1)/(-14) + (-489)/(-14))*913. What is the greatest common factor of f and 35?
35
Let s be (-3588)/2990 + (-552)/(-10). Let x = 5 - -1. Suppose -x*y + 8*y - s = 0. Calculate the highest common factor of 189 and y.
27
Let q be (-4)/(-8)*(5 + -7). Let r be -2 + q + 2 - -5. Suppose -n + 0*n + 24 = 0. What is the highest common factor of r and n?
4
Suppose 3*h = -4*x + 38, -4*x - 61 = -2*h - 29. What is the highest common factor of h and 1267?
7
Let t be 32/(-96) + (-59)/3*1. Let r be (170/t + 10)/(2/132). Calculate the highest common divisor of 33 and r.
33
Let s(c) = c**2 - 6*c. Let k be s(-6). Suppose -2*i + 227 = -5*r, 3*i - 301*r + 300*r = 295. Calculate the greatest common divisor of k and i.
24
Suppose -i = -56 - 64. Suppose -166310 = -613*t - 43710. What is the greatest common divisor of i and t?
40
Let i(w) = 2*w**2 - 20*w - 3. Let f be i(15). Suppose 2*j + f = -4*z - z